{"id":3106,"date":"2024-05-16T08:54:36","date_gmt":"2024-05-16T06:54:36","guid":{"rendered":"https:\/\/festivalauvillage.fr\/?page_id=3106"},"modified":"2025-05-27T11:28:42","modified_gmt":"2025-05-27T09:28:42","slug":"le-collectif-jeune","status":"publish","type":"page","link":"https:\/\/festivalauvillage.fr\/programme\/le-collectif-jeune\/","title":{"rendered":"Le Collectif Jeune"},"content":{"rendered":"<p class=\"content-chapo\">Pour permettre aux plus jeunes de s\u2019impliquer dans le Festival, Sc\u00e8nes Nomades a propos\u00e9 \u00e0 4 groupes de coll\u00e9gien\u00b7nes et lyc\u00e9en\u00b7nes de constituer un collectif jeune qui a travaill\u00e9 tout au long de l\u2019ann\u00e9e \u00e0 la cr\u00e9ation d\u2019un s\u00e9jour en immersion qui leur est d\u00e9di\u00e9.<\/p>\n\n\n<h2 class=\"wp-block-heading\">Liste des spectacles gratuits<\/h2>\n\n\n\n<p>Au programme : d\u00e9couverte de spectacles professionnels, ateliers, propositions de spectacles amateurs et b\u00e9n\u00e9volat.t.<\/p>\n\n\n\n<ul class=\"wp-block-list\">\n<li><a href=\"https:\/\/www.festivalauvillage.fr\/spectacles\/cirque-en-scene-fait-ses-numeros-3\/\">Cirque en Sc\u00e8ne fait son num\u00e9ro<\/a> &#8211; <em>Samedi 5 juillet &#8211; 14h<\/em><\/li>\n\n\n\n<li><a href=\"https:\/\/www.festivalauvillage.fr\/spectacles\/metro-boulot-tempo\/\">M\u00e9tro-Boulot-Tempo<\/a> &#8211; <em>Samedi 5 juillet &#8211; 17h<\/em><\/li>\n\n\n\n<li><a href=\"https:\/\/www.festivalauvillage.fr\/spectacles\/scene-ouverte-2\/\">Sc\u00e8ne ouverte<\/a> &#8211; <em>Samedi 5 juillet &#8211; 20h<\/em><\/li>\n\n\n\n<li><a href=\"https:\/\/www.festivalauvillage.fr\/spectacles\/cendrillon-de-joel-pommerat\/\">Cendrillon de Jo\u00ebl Pommerat<\/a> &#8211; <em>Dimanche 6 juillet &#8211; 14h<\/em><\/li>\n\n\n\n<li><a href=\"https:\/\/www.festivalauvillage.fr\/spectacles\/passe-moi-le-texte\/\">Passe-moi le texte<\/a> &#8211; <em>Mardi 8 juillet &#8211; 18h30<\/em><\/li>\n<\/ul>\n","protected":false},"excerpt":{"rendered":"<p>Liste des spectacles gratuits Au programme : d\u00e9couverte de spectacles professionnels, ateliers, propositions de spectacles amateurs et b\u00e9n\u00e9volat.t.<\/p>\n","protected":false},"author":1,"featured_media":2988,"parent":14,"menu_order":12,"comment_status":"closed","ping_status":"closed","template":"","meta":{"_acf_changed":false,"footnotes":""},"class_list":["post-3106","page","type-page","status-publish","has-post-thumbnail","hentry"],"acf":[],"yoast_head":"<!-- This site is optimized with the Yoast SEO plugin v25.8 - https:\/\/yoast.com\/wordpress\/plugins\/seo\/ -->\n<title>Le Collectif Jeune &#8212; Festival au Village<\/title>\n<meta name=\"robots\" content=\"index, follow, max-snippet:-1, max-image-preview:large, max-video-preview:-1\" \/>\n<link rel=\"canonical\" href=\"https:\/\/www.festivalauvillage.fr\/programme\/le-collectif-jeune\/\" \/>\n<meta name=\"twitter:label1\" content=\"Dur\u00e9e de lecture estim\u00e9e\" \/>\n\t<meta name=\"twitter:data1\" content=\"1 minute\" \/>\n<script type=\"application\/ld+json\" class=\"yoast-schema-graph\">{\"@context\":\"https:\/\/schema.org\",\"@graph\":[{\"@type\":\"WebPage\",\"@id\":\"https:\/\/www.festivalauvillage.fr\/programme\/le-collectif-jeune\/\",\"url\":\"https:\/\/www.festivalauvillage.fr\/programme\/le-collectif-jeune\/\",\"name\":\"Le Collectif Jeune &#8212; Festival au Village\",\"isPartOf\":{\"@id\":\"https:\/\/www.festivalauvillage.fr\/#website\"},\"primaryImageOfPage\":{\"@id\":\"https:\/\/www.festivalauvillage.fr\/programme\/le-collectif-jeune\/#primaryimage\"},\"image\":{\"@id\":\"https:\/\/www.festivalauvillage.fr\/programme\/le-collectif-jeune\/#primaryimage\"},\"thumbnailUrl\":\"https:\/\/festivalauvillage.fr\/wp-content\/uploads\/2024\/03\/bpidriss-bigougil.jpeg\",\"datePublished\":\"2024-05-16T06:54:36+00:00\",\"dateModified\":\"2025-05-27T09:28:42+00:00\",\"breadcrumb\":{\"@id\":\"https:\/\/www.festivalauvillage.fr\/programme\/le-collectif-jeune\/#breadcrumb\"},\"inLanguage\":\"fr-FR\",\"potentialAction\":[{\"@type\":\"ReadAction\",\"target\":[\"https:\/\/www.festivalauvillage.fr\/programme\/le-collectif-jeune\/\"]}]},{\"@type\":\"ImageObject\",\"inLanguage\":\"fr-FR\",\"@id\":\"https:\/\/www.festivalauvillage.fr\/programme\/le-collectif-jeune\/#primaryimage\",\"url\":\"https:\/\/festivalauvillage.fr\/wp-content\/uploads\/2024\/03\/bpidriss-bigougil.jpeg\",\"contentUrl\":\"https:\/\/festivalauvillage.fr\/wp-content\/uploads\/2024\/03\/bpidriss-bigougil.jpeg\",\"width\":1280,\"height\":853},{\"@type\":\"BreadcrumbList\",\"@id\":\"https:\/\/www.festivalauvillage.fr\/programme\/le-collectif-jeune\/#breadcrumb\",\"itemListElement\":[{\"@type\":\"ListItem\",\"position\":1,\"name\":\"Accueil\",\"item\":\"https:\/\/www.festivalauvillage.fr\/\"},{\"@type\":\"ListItem\",\"position\":2,\"name\":\"Programme\",\"item\":\"https:\/\/festivalauvillage.fr\/programme\/\"},{\"@type\":\"ListItem\",\"position\":3,\"name\":\"Le Collectif Jeune\"}]},{\"@type\":\"WebSite\",\"@id\":\"https:\/\/www.festivalauvillage.fr\/#website\",\"url\":\"https:\/\/www.festivalauvillage.fr\/\",\"name\":\"Festival au Village\",\"description\":\"Soif de spectacles !\",\"publisher\":{\"@id\":\"https:\/\/www.festivalauvillage.fr\/#organization\"},\"potentialAction\":[{\"@type\":\"SearchAction\",\"target\":{\"@type\":\"EntryPoint\",\"urlTemplate\":\"https:\/\/www.festivalauvillage.fr\/?s={search_term_string}\"},\"query-input\":{\"@type\":\"PropertyValueSpecification\",\"valueRequired\":true,\"valueName\":\"search_term_string\"}}],\"inLanguage\":\"fr-FR\"},{\"@type\":\"Organization\",\"@id\":\"https:\/\/www.festivalauvillage.fr\/#organization\",\"name\":\"Sc\u00e8nes nomades\",\"url\":\"https:\/\/www.festivalauvillage.fr\/\",\"logo\":{\"@type\":\"ImageObject\",\"inLanguage\":\"fr-FR\",\"@id\":\"https:\/\/www.festivalauvillage.fr\/#\/schema\/logo\/image\/\",\"url\":\"http:\/\/festivalauvillage.fr\/wp-content\/uploads\/2019\/05\/scenes-nomades.png\",\"contentUrl\":\"http:\/\/festivalauvillage.fr\/wp-content\/uploads\/2019\/05\/scenes-nomades.png\",\"width\":295,\"height\":112,\"caption\":\"Sc\u00e8nes nomades\"},\"image\":{\"@id\":\"https:\/\/www.festivalauvillage.fr\/#\/schema\/logo\/image\/\"}}]}<\/script>\n<!-- \/ Yoast SEO plugin. -->","yoast_head_json":{"title":"Le Collectif Jeune &#8212; Festival au Village","robots":{"index":"index","follow":"follow","max-snippet":"max-snippet:-1","max-image-preview":"max-image-preview:large","max-video-preview":"max-video-preview:-1"},"canonical":"https:\/\/www.festivalauvillage.fr\/programme\/le-collectif-jeune\/","twitter_misc":{"Dur\u00e9e de lecture estim\u00e9e":"1 minute"},"schema":{"@context":"https:\/\/schema.org","@graph":[{"@type":"WebPage","@id":"https:\/\/www.festivalauvillage.fr\/programme\/le-collectif-jeune\/","url":"https:\/\/www.festivalauvillage.fr\/programme\/le-collectif-jeune\/","name":"Le Collectif Jeune &#8212; Festival au Village","isPartOf":{"@id":"https:\/\/www.festivalauvillage.fr\/#website"},"primaryImageOfPage":{"@id":"https:\/\/www.festivalauvillage.fr\/programme\/le-collectif-jeune\/#primaryimage"},"image":{"@id":"https:\/\/www.festivalauvillage.fr\/programme\/le-collectif-jeune\/#primaryimage"},"thumbnailUrl":"https:\/\/festivalauvillage.fr\/wp-content\/uploads\/2024\/03\/bpidriss-bigougil.jpeg","datePublished":"2024-05-16T06:54:36+00:00","dateModified":"2025-05-27T09:28:42+00:00","breadcrumb":{"@id":"https:\/\/www.festivalauvillage.fr\/programme\/le-collectif-jeune\/#breadcrumb"},"inLanguage":"fr-FR","potentialAction":[{"@type":"ReadAction","target":["https:\/\/www.festivalauvillage.fr\/programme\/le-collectif-jeune\/"]}]},{"@type":"ImageObject","inLanguage":"fr-FR","@id":"https:\/\/www.festivalauvillage.fr\/programme\/le-collectif-jeune\/#primaryimage","url":"https:\/\/festivalauvillage.fr\/wp-content\/uploads\/2024\/03\/bpidriss-bigougil.jpeg","contentUrl":"https:\/\/festivalauvillage.fr\/wp-content\/uploads\/2024\/03\/bpidriss-bigougil.jpeg","width":1280,"height":853},{"@type":"BreadcrumbList","@id":"https:\/\/www.festivalauvillage.fr\/programme\/le-collectif-jeune\/#breadcrumb","itemListElement":[{"@type":"ListItem","position":1,"name":"Accueil","item":"https:\/\/www.festivalauvillage.fr\/"},{"@type":"ListItem","position":2,"name":"Programme","item":"https:\/\/festivalauvillage.fr\/programme\/"},{"@type":"ListItem","position":3,"name":"Le Collectif Jeune"}]},{"@type":"WebSite","@id":"https:\/\/www.festivalauvillage.fr\/#website","url":"https:\/\/www.festivalauvillage.fr\/","name":"Festival au Village","description":"Soif de spectacles !","publisher":{"@id":"https:\/\/www.festivalauvillage.fr\/#organization"},"potentialAction":[{"@type":"SearchAction","target":{"@type":"EntryPoint","urlTemplate":"https:\/\/www.festivalauvillage.fr\/?s={search_term_string}"},"query-input":{"@type":"PropertyValueSpecification","valueRequired":true,"valueName":"search_term_string"}}],"inLanguage":"fr-FR"},{"@type":"Organization","@id":"https:\/\/www.festivalauvillage.fr\/#organization","name":"Sc\u00e8nes nomades","url":"https:\/\/www.festivalauvillage.fr\/","logo":{"@type":"ImageObject","inLanguage":"fr-FR","@id":"https:\/\/www.festivalauvillage.fr\/#\/schema\/logo\/image\/","url":"http:\/\/festivalauvillage.fr\/wp-content\/uploads\/2019\/05\/scenes-nomades.png","contentUrl":"http:\/\/festivalauvillage.fr\/wp-content\/uploads\/2019\/05\/scenes-nomades.png","width":295,"height":112,"caption":"Sc\u00e8nes nomades"},"image":{"@id":"https:\/\/www.festivalauvillage.fr\/#\/schema\/logo\/image\/"}}]}},"_links":{"self":[{"href":"https:\/\/festivalauvillage.fr\/wp-core\/wp\/v2\/pages\/3106","targetHints":{"allow":["GET"]}}],"collection":[{"href":"https:\/\/festivalauvillage.fr\/wp-core\/wp\/v2\/pages"}],"about":[{"href":"https:\/\/festivalauvillage.fr\/wp-core\/wp\/v2\/types\/page"}],"author":[{"embeddable":true,"href":"https:\/\/festivalauvillage.fr\/wp-core\/wp\/v2\/users\/1"}],"replies":[{"embeddable":true,"href":"https:\/\/festivalauvillage.fr\/wp-core\/wp\/v2\/comments?post=3106"}],"version-history":[{"count":5,"href":"https:\/\/festivalauvillage.fr\/wp-core\/wp\/v2\/pages\/3106\/revisions"}],"predecessor-version":[{"id":3679,"href":"https:\/\/festivalauvillage.fr\/wp-core\/wp\/v2\/pages\/3106\/revisions\/3679"}],"up":[{"embeddable":true,"href":"https:\/\/festivalauvillage.fr\/wp-core\/wp\/v2\/pages\/14"}],"wp:featuredmedia":[{"embeddable":true,"href":"https:\/\/festivalauvillage.fr\/wp-core\/wp\/v2\/media\/2988"}],"wp:attachment":[{"href":"https:\/\/festivalauvillage.fr\/wp-core\/wp\/v2\/media?parent=3106"}],"curies":[{"name":"wp","href":"https:\/\/api.w.org\/{rel}","templated":true}]}}

<p class="content-chapo">Pour permettre aux plus jeunes de s’impliquer dans le Festival, Scènes Nomades a proposé à 4 groupes de collégien·nes et lycéen·nes de constituer un collectif jeune qui a travaillé tout au long de l’année à la création d’un séjour en immersion qui leur est dédié.</p>


<h2 class="wp-block-heading">Liste des spectacles gratuits</h2>



<p>Au programme : découverte de spectacles professionnels, ateliers, propositions de spectacles amateurs et bénévolat.t.</p>



<ul class="wp-block-list">
<li><a href="https://www.festivalauvillage.fr/spectacles/cirque-en-scene-fait-ses-numeros-3/">Cirque en Scène fait son numéro</a> &#8211; <em>Samedi 5 juillet &#8211; 14h</em></li>



<li><a href="https://www.festivalauvillage.fr/spectacles/metro-boulot-tempo/">Métro-Boulot-Tempo</a> &#8211; <em>Samedi 5 juillet &#8211; 17h</em></li>



<li><a href="https://www.festivalauvillage.fr/spectacles/scene-ouverte-2/">Scène ouverte</a> &#8211; <em>Samedi 5 juillet &#8211; 20h</em></li>



<li><a href="https://www.festivalauvillage.fr/spectacles/cendrillon-de-joel-pommerat/">Cendrillon de Joël Pommerat</a> &#8211; <em>Dimanche 6 juillet &#8211; 14h</em></li>



<li><a href="https://www.festivalauvillage.fr/spectacles/passe-moi-le-texte/">Passe-moi le texte</a> &#8211; <em>Mardi 8 juillet &#8211; 18h30</em></li>
</ul>

<p>Liste des spectacles gratuits Au programme : découverte de spectacles professionnels, ateliers, propositions de spectacles amateurs et bénévolat.t.</p>

<!-- This site is optimized with the Yoast SEO plugin v25.8 - https://yoast.com/wordpress/plugins/seo/ -->
<title>Le Collectif Jeune &#8212; Festival au Village</title>
<meta name="robots" content="index, follow, max-snippet:-1, max-image-preview:large, max-video-preview:-1" />
<link rel="canonical" href="https://www.festivalauvillage.fr/programme/le-collectif-jeune/" />
<meta name="twitter:label1" content="Durée de lecture estimée" />
	<meta name="twitter:data1" content="1 minute" />
<script type="application/ld+json" class="yoast-schema-graph">{"@context":"https://schema.org","@graph":[{"@type":"WebPage","@id":"https://www.festivalauvillage.fr/programme/le-collectif-jeune/","url":"https://www.festivalauvillage.fr/programme/le-collectif-jeune/","name":"Le Collectif Jeune &#8212; Festival au Village","isPartOf":{"@id":"https://www.festivalauvillage.fr/#website"},"primaryImageOfPage":{"@id":"https://www.festivalauvillage.fr/programme/le-collectif-jeune/#primaryimage"},"image":{"@id":"https://www.festivalauvillage.fr/programme/le-collectif-jeune/#primaryimage"},"thumbnailUrl":"https://festivalauvillage.fr/wp-content/uploads/2024/03/bpidriss-bigougil.jpeg","datePublished":"2024-05-16T06:54:36+00:00","dateModified":"2025-05-27T09:28:42+00:00","breadcrumb":{"@id":"https://www.festivalauvillage.fr/programme/le-collectif-jeune/#breadcrumb"},"inLanguage":"fr-FR","potentialAction":[{"@type":"ReadAction","target":["https://www.festivalauvillage.fr/programme/le-collectif-jeune/"]}]},{"@type":"ImageObject","inLanguage":"fr-FR","@id":"https://www.festivalauvillage.fr/programme/le-collectif-jeune/#primaryimage","url":"https://festivalauvillage.fr/wp-content/uploads/2024/03/bpidriss-bigougil.jpeg","contentUrl":"https://festivalauvillage.fr/wp-content/uploads/2024/03/bpidriss-bigougil.jpeg","width":1280,"height":853},{"@type":"BreadcrumbList","@id":"https://www.festivalauvillage.fr/programme/le-collectif-jeune/#breadcrumb","itemListElement":[{"@type":"ListItem","position":1,"name":"Accueil","item":"https://www.festivalauvillage.fr/"},{"@type":"ListItem","position":2,"name":"Programme","item":"https://festivalauvillage.fr/programme/"},{"@type":"ListItem","position":3,"name":"Le Collectif Jeune"}]},{"@type":"WebSite","@id":"https://www.festivalauvillage.fr/#website","url":"https://www.festivalauvillage.fr/","name":"Festival au Village","description":"Soif de spectacles !","publisher":{"@id":"https://www.festivalauvillage.fr/#organization"},"potentialAction":[{"@type":"SearchAction","target":{"@type":"EntryPoint","urlTemplate":"https://www.festivalauvillage.fr/?s={search_term_string}"},"query-input":{"@type":"PropertyValueSpecification","valueRequired":true,"valueName":"search_term_string"}}],"inLanguage":"fr-FR"},{"@type":"Organization","@id":"https://www.festivalauvillage.fr/#organization","name":"Scènes nomades","url":"https://www.festivalauvillage.fr/","logo":{"@type":"ImageObject","inLanguage":"fr-FR","@id":"https://www.festivalauvillage.fr/#/schema/logo/image/","url":"http://festivalauvillage.fr/wp-content/uploads/2019/05/scenes-nomades.png","contentUrl":"http://festivalauvillage.fr/wp-content/uploads/2019/05/scenes-nomades.png","width":295,"height":112,"caption":"Scènes nomades"},"image":{"@id":"https://www.festivalauvillage.fr/#/schema/logo/image/"}}]}</script>
<!-- / Yoast SEO plugin. -->

Scènes nomades
